1
Suppose -2*w = 29 + 3. Let f = -20 - w. Let z(o) = -9*o - 9. What is the units digit of z(f)?
7
Let s = 11 - 3. Let v(t) = -t**3 + 8*t**2 + 13*t - 15. What is the units digit of v(s)?
9
Let h = 1284 - 795. What is the tens digit of h?
8
Let y be -2 + 0 + (-1 - 0). Let t(f) = -f**3 - 3*f**2 - f + 2. Let n be t(y). Suppose 4*k = -n + 169. What is the units digit of k?
1
What is the units digit of (5 - 9944/8)/(2/(-3))?
7
Let o(b) be the second derivative of b**6/90 + b**5/60 + b**4/12 - 5*b**3/6 + 3*b. Let a(w) be the second derivative of o(w). What is the tens digit of a(-3)?
3
Suppose 2*j - 26*i = -31*i + 1812, 0 = -4*j - 5*i + 3624. What is the hundreds digit of j?
9
What is the tens digit of 1551 - (6/(-2) - -5)?
4
Let m(p) = p**2 - 3*p + 2. Let b(v) = -v**3 + 8*v**2 + 10*v - 3. Let q be b(9). Suppose -3*j = 3*a - q, 0*a = -2*a + j + 13. What is the tens digit of m(a)?
1
Let d(c) be the first derivative of -11*c**2 - 10*c + 38. What is the tens digit of d(-8)?
6
Let d(c) = 3*c**2 - 12*c + 28. Let u be (0 - 14)*2/(-4). What is the units digit of d(u)?
1
Suppose 8 = -0*o + o + 4*m, 2*o - 2*m - 6 = 0. Let f(z) = z**3 - 4*z**2 + 4*z + 6. What is the tens digit of f(o)?
2
Let p(i) = -i**3 - i**2 - i - 9. Let q be p(0). Let u = q + 19. What is the tens digit of u?
1
Suppose 3*t + 2*c + 10 = -3*c, 5*c = -25. Let l = t - 23. Let z = 25 + l. What is the units digit of z?
7
Suppose -2*o + 3*o - 44 = i, 0 = i - 5*o + 44. Let w = -40 - i. What is the units digit of w?
4
Suppose 25*b + 16610 = 47*b. What is the hundreds digit of b?
7
Let t(i) be the first derivative of -i**4/4 - 17*i**3/3 - 19*i**2/2 - 19*i - 7. What is the tens digit of t(-16)?
2
Let y = -874 - -1569. Suppose d - y = -4*d. What is the tens digit of d?
3
Let t(k) = 63*k + 336. What is the units digit of t(4)?
8
Let k = -912 + 1660. What is the hundreds digit of k?
7
Let p(u) = 4*u**3 + 4*u**2 - 7. Let n be p(3). Suppose -4*t + 389 = -c - n, -4*t = -4*c - 532. What is the tens digit of t?
3
What is the thousands digit of -2*(5 - 2) - (-1519 - 2)?
1
What is the units digit of ((-80)/28)/(26/(-4823))?
0
Suppose -13*c = 6*c - 2223. What is the hundreds digit of c?
1
Let p(d) = -62*d + 24. Let k be (9/(-12))/(3*(-2)/(-24)). What is the tens digit of p(k)?
1
Let d be (292/8)/((-6)/(-12)). Let c = d - 6. What is the tens digit of c?
6
Let y = 3635 + -1034. What is the hundreds digit of y?
6
Suppose 4*j = -20*j + 14736. What is the hundreds digit of j?
6
Let v = -3803 + 5389. What is the units digit of v?
6
Let g(u) = 2*u - 1. Let k be g(2). What is the units digit of 91 + 1 + 1 + k?
6
Suppose f - 41 = w, -4*w + 121 + 75 = 4*f. Let c(z) = 20*z + 164. Let y be c(-8). Suppose g + f = y*g. What is the units digit of g?
5
Suppose 2*h + 3*q = 7*q + 24, 2*h + 4*q = 0. Let c be (-18)/10*(1 - h). Suppose -5*y + 89 = c. What is the units digit of y?
6
Let h = -4 - 11. Let s be 5/(h/(-9)) + 43. Suppose -s = -2*v + 3*u, -7*v - 3*u + 115 = -2*v. What is the tens digit of v?
2
Let l(p) = -p**3 - 7*p**2 - 5*p - 17. Let g(v) = -v**3 - 9*v**2 + 3*v + 20. Let q be g(-9). What is the tens digit of l(q)?
1
Let j be (-3 + (-6)/(-1))/1. Let n = j - 9. What is the units digit of 9 + n - (-17 - 0)?
0
Suppose 8*s = 32*s - 2424. What is the tens digit of s?
0
Suppose -w = -5*w + 916. Let u = -161 + w. What is the tens digit of u?
6
Suppose 4*u - 677 = 3*g, g + 15 = -4*g. What is the tens digit of u?
6
Let x = -16 - -14. Let v(w) = -12*w**2 + w - 1. Let t be v(x). What is the tens digit of 1*3 - t/3?
2
Let c = -12 - -29. What is the tens digit of (c/5 - 1)*(-8 + 13)?
1
Let a(k) = -k**3 - 6*k**2 - k + 7. Let s be -2*3 + 4 + -3. Let q be a(s). Let b(p) = -2*p - 3. What is the tens digit of b(q)?
2
Let b(f) = 9*f**3. Let w be b(1). Suppose w*x - 6*x = 123. What is the units digit of x?
1
Let m(y) = 20*y - 9. What is the hundreds digit of m(15)?
2
Let n be (-2)/8 + (-236)/16. Let w = -14 - n. What is the units digit of w?
1
Let a(l) = -l**3 + 2*l**2 + l + 140. What is the units digit of a(0)?
0
Suppose -5*r + p + 3846 = -4134, 5*r - 3*p - 7980 = 0. Suppose 0 = 40*l - 34*l - r. What is the units digit of l?
6
Let j(g) be the second derivative of 11*g**4/3 + 2*g**3/3 + 5*g**2/2 - 13*g. What is the tens digit of j(-2)?
7
Let r(k) = k**3 + 17*k**2 + 17*k + 3. Let v be r(-16). Let p = 17 + v. Suppose -6 = -p*q - 2*t, -t + 8 - 2 = 3*q. What is the units digit of q?
3
Suppose -4*x + 275 = 2*j - 519, 0 = -2*j + 4*x + 818. What is the units digit of j?
3
Let k(w) be the first derivative of w - 6. Let q(i) = 12*i + 3. Let z(o) = -3*k(o) - q(o). What is the tens digit of z(-4)?
4
Let m(f) = 26*f - 69. What is the units digit of m(7)?
3
Suppose l - 214 = 3*k + 364, 3*k + 1716 = 3*l. What is the hundreds digit of l?
5
Let p = 502 + -330. What is the units digit of p?
2
Let l be (-8 - -4) + 0 - 1. Suppose -2*g - 3*g + 100 = 5*w, -4*w + g + 70 = 0. Let o = w - l. What is the tens digit of o?
2
Let b be (15/(-10))/3*-186. Let z = 192 - b. What is the tens digit of z?
9
Suppose 281 = 9*g - 7. Let t = -29 + g. What is the units digit of (4*14)/(t + -2)?
6
Let l(g) = 12*g**2 + 9*g - 35. What is the tens digit of l(6)?
5
Let q(d) be the second derivative of -d**5/2 - d**4/4 - d**3/3 - 2*d**2 - 13*d. What is the tens digit of q(-3)?
4
Suppose -2*s + 5026 = q, 3*s - 12*q = -8*q + 7561. What is the hundreds digit of s?
5
Let s be (24/(-16))/((-6)/92). Let n = 28 - s. What is the units digit of n?
5
Let n = 44 + -5. Suppose -159 + n = -4*w. What is the tens digit of w?
3
Let b(v) = -v**3 + 5*v**2 - 3*v - 4. Let u be (9 - 4)*(-8)/(-10). Let d be b(u). Suppose d = -5*w + 212 + 13. What is the tens digit of w?
4
What is the hundreds digit of 450/(-12)*58/(-3)?
7
Let k(o) = -4*o - 3 - 2 - 2. Let y(h) = 7*h**3 - h**2 - 3*h - 1. Let u be y(-1). What is the units digit of k(u)?
7
Let s = -592 - -1009. What is the hundreds digit of s?
4
Let u(l) = 4*l**2 + 8 - 7*l**2 + 7*l**2 - 3*l**2. What is the units digit of u(-9)?
9
Let v(x) = x**3 - 5*x - 10. Let r be v(-4). Let k = r - -76. What is the units digit of k?
2
Let z be ((-7)/(-4))/((-2)/(-56)*-1). What is the hundreds digit of (z - 3 - 1)/((-3)/6)?
1
Let r(g) = -g**2 - 22*g + 2. Let z be 1*((-27)/(-63) - (-143)/(-7)). What is the units digit of r(z)?
2
Suppose 0 = -8*d + 3*d + 15. Suppose -w - 13 = 3*x, d*w + 15 = -5*x - 12. Let y(p) = p**3 + 4*p**2 + 5. What is the units digit of y(w)?
5
Suppose -148*j = -155*j + 140. Let d = -2 - -12. What is the tens digit of (-19)/(-2) + d/j?
1
Suppose 10*d - 2*z - 6056 = 8*d, -2*d + 6036 = 2*z. What is the hundreds digit of d?
0
Let p be (0 - 10)/(16/(-64)). Suppose p - 310 = -3*v. What is the units digit of v?
0
Let g be (-2)/(-3) - (3 + (-326)/6). Let x = g + 24. What is the units digit of x?
6
What is the tens digit of (-10)/(-20) - (-1089)/6?
8
Let g = -186 + 566. What is the units digit of g?
0
Suppose 4 = 2*n - 4. Suppose 3*z + 4*t = 53, 3*z = -z + n*t + 108. Suppose -22*g = -z*g + 47. What is the units digit of g?
7
Let h(z) = -58*z + 64. What is the units digit of h(-6)?
2
Suppose -o + 3*d = -111, 7*d = -4*o + 2*d + 410. Suppose 0*q - o = -3*q. What is the tens digit of q?
3
Let j = -901 + 1326. What is the units digit of j?
5
What is the hundreds digit of 9138/14 + (-22)/(-847)*11?
6
Let l = 180 - 113. Suppose r + l = k, -k + r = 6*r - 91. What is the tens digit of k?
7
Let w be (-15176)/(-12) - (-4)/(-6). What is the units digit of (w/(-40))/(4/(-10))?
9
What is the tens digit of (83 + -14)/(3/8)?
8
Suppose 0 = 12*w - 15188 - 52384. What is the hundreds digit of w?
6
Suppose 0 = -3*g + q + 142, 122 = 3*g - 0*q + 4*q. Suppose 2 = -2*z + g. What is the tens digit of z?
2
Suppose l + 3*l - 696 = 0. What is the tens digit of l?
7
Let i = 129 + -87. What is the units digit of 7*4/i*117?
8
What is the units digit of 862 - (-4 + -7 + 4)?
9
Let w(s) = s - 6. Let r be w(6). Suppose -a = -r*a - 174. What is the tens digit of a?
7
Suppose -5*n = -4*c - 48, -2*n = 3*c - c - 12. Let a(k) = 6*k - 37. What is the tens digit of a(n)?
1
Let n(c) = 2*c**3 - 35*c**2 + 50*c - 35. What is the thousands digit of n(19)?
1
Let w(h) = h**3 - 9*h**2 + 15*h - 7. Let y be w(8). Suppose y*j + 405 = 46*j. Let q = -80 - j. What is the tens digit of q?
5
Let q be 52*((-5)/(-15))/(